
4
What is the ten thousands digit of 17387?
1
What is the units digit of 148?
8
What is the tens digit of 8882?
8
What is the thousands digit of 16378?
6
What is the units digit of 18176?
6
What is the tens digit of 11615?
1
What is the tens digit of 13289?
8
What is the thousands digit of 47180?
7
What is the thousands digit of 1009?
1
What is the hundreds digit of 2899?
8
What is the tens digit of 1217?
1
What is the tens digit of 792?
9
What is the hundreds digit of 20025?
0
What is the thousands digit of 40054?
0
What is the hundreds digit of 1076?
0
What is the hundreds digit of 1805?
8
What is the units digit of 10198?
8
What is the thousands digit of 1221?
1
What is the hundreds digit of 2279?
2
What is the thousands digit of 1031?
1
What is the ten thousands digit of 15631?
1
What is the hundreds digit of 2059?
0
What is the tens digit of 32336?
3
What is the units digit of 19?
9
What is the hundreds digit of 564?
5
What is the units digit of 7715?
5
What is the ten thousands digit of 88158?
8
What is the units digit of 1054?
4
What is the units digit of 3263?
3
What is the tens digit of 521?
2
What is the hundreds digit of 1382?
3
What is the thousands digit of 2437?
2
What is the units digit of 6207?
7
What is the hundreds digit of 1787?
7
What is the units digit of 67750?
0
What is the ten thousands digit of 33954?
3
What is the hundreds digit of 3982?
9
What is the ten thousands digit of 14561?
1
What is the hundreds digit of 1134?
1
What is the ten thousands digit of 41263?
4
What is the hundreds digit of 249?
2
What is the thousands digit of 4684?
4
What is the units digit of 723?
3
What is the thousands digit of 1411?
1
What is the hundreds digit of 4453?
4
What is the tens digit of 6241?
4
What is the units digit of 2590?
0
What is the units digit of 1444?
4
What is the units digit of 151507?
7
What is the tens digit of 3614?
1
What is the units digit of 1609?
9
What is the units digit of 10294?
4
What is the tens digit of 1625?
2
What is the units digit of 82?
2
What is the ten thousands digit of 57355?
5
What is the tens digit of 3455?
5
What is the units digit of 2641?
1
What is the units digit of 859?
9
What is the units digit of 1552?
2
What is the units digit of 19532?
2
What is the tens digit of 199?
9
What is the tens digit of 3493?
9
What is the units digit of 1695?
5
What is the tens digit of 65145?
4
What is the tens digit of 36397?
9
What is the ten thousands digit of 49777?
4
What is the thousands digit of 5176?
5
What is the tens digit of 8171?
7
What is the tens digit of 108413?
1
What is the units digit of 28242?
2
What is the units digit of 1321?
1
What is the tens digit of 4862?
6
What is the thousands digit of 2211?
2
What is the units digit of 1256?
6
What is the tens digit of 40073?
7
What is the hundreds digit of 723?
7
What is the units digit of 5900?
0
What is the hundreds digit of 20562?
5
What is the thousands digit of 2892?
2
What is the tens digit of 57975?
7
What is the tens digit of 6925?
2
What is the units digit of 253?
3
What is the ten thousands digit of 109757?
0
What is the units digit of 1468?
8
What is the hundreds digit of 62342?
3
What is the thousands digit of 9260?
9
What is the tens digit of 6775?
7
What is the hundreds digit of 7939?
9
What is the tens digit of 948?
4
What is the tens digit of 2188?
8
What is the units digit of 967?
7
What is the ten thousands digit of 53555?
5
What is the units digit of 66827?
7
What is the units digit of 10198?
8
What is the tens digit of 774?
7
What is the hundreds digit of 4261?
2
What is the hundred thousands digit of 123496?
1
What is the ten thousands digit of 65795?
6
What is the thousands digit of 1874?
1
What is the units digit of 5391?
1
What is the hundreds digit of 1440?
4
What is the units digit of 1398?
8
What is the units digit of 4515?
5
What is the hundreds digit of 6431?
4
What is the tens digit of 2345?
4
What is the hundreds digit of 36390?
3
What is the units digit of 2037?
7
What is the units digit of 3009?
9
What is the tens digit of 1458?
5
What is the tens digit of 5040?
4
What is the ten thousands digit of 147309?
4
What is the ten thousands digit of 74167?
7
What is the hundreds digit of 881?
8
What is the hundreds digit of 6602?
6
What is the tens digit of 4791?
9
What is the tens digit of 23649?
4
What is the thousands digit of 1516?
1
What is the ten thousands digit of 36669?
3
What is the units digit of 1739?
9
What is the hundreds digit of 31398?
3
What is the ten thousands digit of 27041?
2
What is the tens digit of 1648?
4
What is the tens digit of 31188?
8
What is the units digit of 5475?
5
What is the thousands digit of 44728?
4
What is the hundreds digit of 23673?
6
What is the units digit of 2958?
8
What is the hundreds digit of 6377?
3
What is the thousands digit of 51115?
1
What is the units digit of 4355?
5
What is the ten thousands digit of 43341?
4
What is the tens digit of 905?
0
What is the units digit of 351?
1
What is the hundreds digit of 10875?
8
What is the units digit of 25467?
7
What is the tens digit of 421?
2
What is the units digit of 54184?
4
What is the thousands digit of 3333?
3
What is the thousands digit of 7807?
7
What is the thousands digit of 27391?
7
What is the thousands digit of 4160?
4
What is the thousands digit of 38907?
8
What is the tens digit of 7764?
6
What is the tens digit of 3385?
8
What is the units digit of 90258?
8
What is the hundreds digit of 3059?
0
What is the thousands digit of 2541?
2
What is the hundreds digit of 128428?
4
What is the ten thousands digit of 21745?
2
What is the thousands digit of 2604?
2
What is the hundreds digit of 32706?
7
What is the hundreds digit of 29500?
5
What is the hundreds digit of 10047?
0
What is the tens digit of 77639?
3
What is the units digit of 7724?
4
What is the ten thousands digit of 14518?
1
What is the hundreds digit of 24208?
2
What is the tens digit of 357?
5
What is the thousands digit of 2901?
2
What is the units digit of 1346?
6
What is the tens digit of 42031?
3
What is the tens digit of 2958?
5
What is the hundreds digit of 5132?
1
What is the tens digit of 12633?
3
What is the thousands digit of 1621?
1
What is the tens digit of 5282?
8
What is the units digit of 239?
9
What is the hundreds digit of 1902?
9
What is the ten thousands digit of 88133?
8
What is the units digit of 560?
0
What is the tens digit of 77?
7
What is the hundreds digit of 41992?
9
What is the hundreds digit of 11631?
6
What is the tens digit of 4703?
0
What is the tens digit of 9213?
1
What is the units digit of 3177?
7
What is the hundreds digit of 17924?
9
What is the hundreds digit of 833?
8
What is the ten thousands digit of 94101?
9
What is the thousands digit of 1723?
1
What is the units digit of 803?
3
What is the units digit of 304?
4
What is the tens digit of 78054?
5
What is the units digit of 727?
7
What is the tens digit of 1567?
6
What is the hundreds digit of 1353?
3
What is the thousands digit of 49985?
9
What is the hundreds digit of 5387?
3
What is the tens digit of 1518?
1
What is the tens digit of 37867?
6
What is the thousands digit of 19102?
9
What is the thousands digit of 136173?
6
What is the tens digit of 649?
4
What is the hundreds digit of 222?
2
What is the thousands digit of 29679?
9
What is the hundreds digit of 21051?
0
What is the ten thousands digit of 90870?
9
What is the hundreds digit of 17094?
0
What is the ten thousands digit of 62813?
6
What is the units digit of 97807?
7
What is the hundreds digit of 4160?
1
What is the tens digit of 32395?
9
What is the hundreds digit of 1350?
3
What is the units digit of 24471?
1
What is the tens digit of 6288?
8
What is the tens digit of 772?
7
What is the units digit of 20809?
9
What is the thousands digit of 13506?
3
What is the ten thousands digit of 37677?
3
What is the hundreds digit of 39226?
2
What is the hundreds digit of 124?
1
What is the thousands digit of 1965?
1
What is the thousands digit of 27929?
7
What is the units digit of 1487?
7
What is the tens digit of 128634?
3
What is the tens digit of 2918?
1
What is the thousands digit of 1126?
1
What is the hundreds digit of 1408?
4
What is the hundreds digit of 20214?
2
What is the thousands digit of 13